{"id":847,"date":"2022-12-01T11:40:40","date_gmt":"2022-12-01T11:40:40","guid":{"rendered":"http:\/\/csjesa.univnt.ro\/?page_id=847"},"modified":"2022-12-14T14:16:04","modified_gmt":"2022-12-14T14:16:04","slug":"documents","status":"publish","type":"page","link":"https:\/\/csjesa.univnt.ro\/index.php\/en\/documents\/","title":{"rendered":"Documents"},"content":{"rendered":"\t\t<div data-elementor-type=\"wp-page\" data-elementor-id=\"847\" class=\"elementor elementor-847\">\n\t\t\t\t\t\t<section class=\"elementor-section elementor-top-section elementor-element elementor-element-4ec828a elementor-section-boxed elementor-section-height-default elementor-section-height-default\" data-id=\"4ec828a\" data-element_type=\"section\">\n\t\t\t\t\t\t<div class=\"elementor-container elementor-column-gap-default\">\n\t\t\t\t\t<div class=\"elementor-column elementor-col-100 elementor-top-column elementor-element elementor-element-b2e45c2\" data-id=\"b2e45c2\" data-element_type=\"column\">\n\t\t\t<div class=\"elementor-widget-wrap elementor-element-populated\">\n\t\t\t\t\t\t<div class=\"elementor-element elementor-element-8d50f8b elementor-widget elementor-widget-text-editor\" data-id=\"8d50f8b\" data-element_type=\"widget\" data-widget_type=\"text-editor.default\">\n\t\t\t\t<div class=\"elementor-widget-container\">\n\t\t\t<style>\/*! elementor - v3.21.0 - 18-04-2024 *\/\n.elementor-widget-text-editor.elementor-drop-cap-view-stacked .elementor-drop-cap{background-color:#69727d;color:#fff}.elementor-widget-text-editor.elementor-drop-cap-view-framed .elementor-drop-cap{color:#69727d;border:3px solid;background-color:transparent}.elementor-widget-text-editor:not(.elementor-drop-cap-view-default) .elementor-drop-cap{margin-top:8px}.elementor-widget-text-editor:not(.elementor-drop-cap-view-default) .elementor-drop-cap-letter{width:1em;height:1em}.elementor-widget-text-editor .elementor-drop-cap{float:left;text-align:center;line-height:1;font-size:50px}.elementor-widget-text-editor .elementor-drop-cap-letter{display:inline-block}<\/style>\t\t\t\t<table width=\"666\">\n<tbody>\n<tr>\n<td width=\"666\"><a href=\"https:\/\/csjesa.univnt.ro\/wp-content\/uploads\/Documente\/documente_csjesa\/regulament_csjesa.pdf\">Regulament C.S.J.E.S.A.<\/a><\/td>\n<\/tr>\n<tr>\n<td width=\"666\"><a href=\"https:\/\/csjesa.univnt.ro\/wp-content\/uploads\/Documente\/documente_csjesa\/statut_csjesa.pdf\">Statut C.S.J.E.S.A.<\/a><\/td>\n<\/tr>\n<tr>\n<td><a href=\"https:\/\/csjesa.univnt.ro\/wp-content\/uploads\/Documente\/documente_csjesa\/Strategie cercetare 2020-2024.pdf\">Strategia de cercetare stiintifica<\/a><\/td>\n<\/tr>\n\n<tr>\n<td><a href=\"https:\/\/csjesa.univnt.ro\/wp-content\/uploads\/Documente\/rapoarte\/2021_RaportGeneralCompletareSectiuni_SSA.pdf\">2021 &#8211; Raportul cercet\u0103rii \u015ftiin\u0163ifice la Facultatea de Rela\u0163ii Interna\u0163ionale \u015fi Administrative<\/a><\/td>\n<\/tr>\n<tr>\n<td><a href=\"https:\/\/csjesa.univnt.ro\/wp-content\/uploads\/Documente\/rapoarte\/2021_RaportGeneralCompletareSectiuni_SE.pdf\">2021 &#8211; Raportul cercet\u0103rii \u015ftiin\u0163ifice la Facultatea de Economie \u015fi Administrarea Afacerilor<\/a><\/td>\n<\/tr>\n<tr>\n<td><a href=\"https:\/\/csjesa.univnt.ro\/wp-content\/uploads\/Documente\/rapoarte\/2021_RaportGeneralCompletareSectiuni_DR.pdf\">2021 &#8211; Raportul cercet\u0103rii \u015ftiin\u0163ifice la Facultatea de Drept<\/a><\/td>\n<\/tr>\n<tr>\n<td><a href=\"https:\/\/csjesa.univnt.ro\/wp-content\/uploads\/Documente\/rapoarte\/2021_RaportGeneralCompletareSectiuni_ALL.pdf\">2021 &#8211; Raportul cercetarii stiintifice in Universitatea &#8220;Nicolae Titulescu&#8221; din Bucuresti<\/a><\/td>\n<\/tr>\n<tr>\n<td><a href=\"https:\/\/csjesa.univnt.ro\/wp-content\/uploads\/Documente\/rapoarte\/2020_raport cercetare stiintifica fria.pdf\">2020 &#8211; Raportul cercet\u0103rii \u015ftiin\u0163ifice la Facultatea de Rela\u0163ii Interna\u0163ionale \u015fi Administrative<\/a><\/td>\n<\/tr>\n<tr>\n<td><a href=\"https:\/\/csjesa.univnt.ro\/wp-content\/uploads\/Documente\/rapoarte\/2020_raport cercetare stiintifica feaa.pdf\">2020 &#8211; Raportul cercet\u0103rii \u015ftiin\u0163ifice la Facultatea de Economie \u015fi Administrarea Afacerilor<\/a><\/td>\n<\/tr>\n<tr>\n<td><a href=\"https:\/\/csjesa.univnt.ro\/wp-content\/uploads\/Documente\/rapoarte\/2020_raport cercetare stiintifica dr.pdf\">2020 &#8211; Raportul cercet\u0103rii \u015ftiin\u0163ifice la Facultatea de Drept<\/a><\/td>\n<\/tr>\n<tr>\n<td><a href=\"https:\/\/csjesa.univnt.ro\/wp-content\/uploads\/Documente\/rapoarte\/2019_raport cercetare.pdf\">2020 &#8211; Raportul cercetarii stiintifice in Universitatea &#8220;Nicolae Titulescu&#8221; din Bucuresti<\/a><\/td>\n<\/tr>\n<tr>\n<td><a href=\"https:\/\/csjesa.univnt.ro\/wp-content\/uploads\/Documente\/rapoarte\/2019_RaportGeneralCompletareSectiuni_SSA.pdf\">2019 &#8211; Raportul cercet\u0103rii \u015ftiin\u0163ifice la Facultatea de Rela\u0163ii Interna\u0163ionale \u015fi Administrative<\/a><\/td>\n<\/tr>\n<tr>\n<td><a href=\"https:\/\/csjesa.univnt.ro\/wp-content\/uploads\/Documente\/rapoarte\/2019_RaportGeneralCompletareSectiuni_SE.pdf\">2019 &#8211; Raportul cercet\u0103rii \u015ftiin\u0163ifice la Facultatea de Economie \u015fi Administrarea Afacerilor<\/a><\/td>\n<\/tr>\n<tr>\n<td><a href=\"https:\/\/csjesa.univnt.ro\/wp-content\/uploads\/Documente\/rapoarte\/2019_RaportGeneralCompletareSectiuni_DR.pdf\">2019 &#8211; Raportul cercet\u0103rii \u015ftiin\u0163ifice la Facultatea de Drept<\/a><\/td>\n<\/tr>\n<tr>\n<td><a href=\"https:\/\/csjesa.univnt.ro\/wp-content\/uploads\/Documente\/rapoarte\/2019_raport cercetare.pdf\">2019 &#8211; Raportul cercetarii stiintifice in Universitatea &#8220;Nicolae Titulescu&#8221; din Bucuresti<\/a><\/td>\n<\/tr>\n<tr>\n<td><a href=\"https:\/\/csjesa.univnt.ro\/wp-content\/uploads\/Documente\/rapoarte\/2018_raport fria.pdf\">2018 &#8211; Raportul cercet\u0103rii \u015ftiin\u0163ifice la Facultatea de Rela\u0163ii Interna\u0163ionale \u015fi Administrative<\/a><\/td>\n<\/tr>\n<tr>\n<td><a href=\"https:\/\/csjesa.univnt.ro\/wp-content\/uploads\/Documente\/rapoarte\/2018_raport feaa.pdf\">2018 &#8211; Raportul cercet\u0103rii \u015ftiin\u0163ifice la Facultatea de Economie \u015fi Administrarea Afacerilor<\/a><\/td>\n<\/tr>\n<tr>\n<td><a href=\"https:\/\/csjesa.univnt.ro\/wp-content\/uploads\/Documente\/rapoarte\/2018_raport fd.pdf\">2018 &#8211; Raportul cercet\u0103rii \u015ftiin\u0163ifice la Facultatea de Drept<\/a><\/td>\n<\/tr>\n<tr>\n<td><a href=\"https:\/\/csjesa.univnt.ro\/wp-content\/uploads\/Documente\/rapoarte\/2018_raportcercetare_unt.pdf\">2018 &#8211; Raportul cercet\u0103rii \u015etiin\u0163ifice \u00een Universitatea \u201eNicolae Titulescu\u201d din Bucure\u015fti<\/a><\/td>\n<\/tr>\n<tr>\n<td><a href=\"https:\/\/csjesa.univnt.ro\/wp-content\/uploads\/Documente\/rapoarte\/2017_raport cercetare stiintifica fria.pdf\">2017 &#8211; Raportul cercet\u0103rii \u015ftiin\u0163ifice la Facultatea de Rela\u0163ii Interna\u0163ionale \u015fi Administrative<\/a><\/td>\n<\/tr>\n<tr>\n<td><a href=\"https:\/\/csjesa.univnt.ro\/wp-content\/uploads\/Documente\/rapoarte\/2017_raport cercetare stiintifica se.pdf\">2017 &#8211; Raportul cercet\u0103rii \u015ftiin\u0163ifice la Facultatea de Economie \u015fi Administrarea Afacerilor<\/a><\/td>\n<\/tr>\n<tr>\n<td><a href=\"https:\/\/csjesa.univnt.ro\/wp-content\/uploads\/Documente\/rapoarte\/2017_raport cercetare stiintifica dr.pdf\">2017 &#8211; Raportul cercet\u0103rii \u015ftiin\u0163ifice la Facultatea de Drept<\/a><\/td>\n<\/tr>\n<tr>\n<td><a href=\"https:\/\/csjesa.univnt.ro\/wp-content\/uploads\/Documente\/rapoarte\/2017_raport cercetare stiintifica unt.pdf\">2017 &#8211; Raportul cercet\u0103rii \u015etiin\u0163ifice \u00een Universitatea \u201eNicolae Titulescu\u201d din Bucure\u015fti<\/a><\/td>\n<\/tr>\n<tr>\n<td><a href=\"https:\/\/csjesa.univnt.ro\/wp-content\/uploads\/Documente\/rapoarte\/2016_raport cercetare stiintifica fria.pdf\">2016 &#8211; Raportul cercet\u0103rii \u015ftiin\u0163ifice la Facultatea de Rela\u0163ii Interna\u0163ionale \u015fi Administrative<\/a><\/td>\n<\/tr>\n<tr>\n<td><a href=\"https:\/\/csjesa.univnt.ro\/wp-content\/uploads\/Documente\/rapoarte\/2016_raport cercetare stiintifica feaa.pdf\">2016 &#8211; Raportul cercet\u0103rii \u015ftiin\u0163ifice la Facultatea de Economie \u015fi Administrarea Afacerilor<\/a><\/td>\n<\/tr>\n<tr>\n<td><a href=\"https:\/\/csjesa.univnt.ro\/wp-content\/uploads\/Documente\/rapoarte\/2016_raportul cercetarii stiintifice la facultatea de drept.pdf\">2016 &#8211; Raportul cercet\u0103rii \u015ftiin\u0163ifice la Facultatea de Drept<\/a><\/td>\n<\/tr>\n<tr>\n<td><a href=\"https:\/\/csjesa.univnt.ro\/wp-content\/uploads\/Documente\/rapoarte\/2016_raport cercetare stiintifica.pdf\">2016 &#8211; Raportul cercet\u0103rii \u015etiin\u0163ifice \u00een Universitatea \u201eNicolae Titulescu\u201d din Bucure\u015fti<\/a><\/td>\n<\/tr>\n<tr>\n<td><a href=\"https:\/\/csjesa.univnt.ro\/wp-content\/uploads\/Documente\/rapoarte\/2015_raport_cercetare_fssa.pdf\">2015 &#8211; Raportul cercet\u0103rii \u015ftiin\u0163ifice la Facultatea de \u015etiin\u0163e Sociale \u015fi Administrative<\/a><\/td>\n<\/tr>\n<tr>\n<td><a href=\"https:\/\/csjesa.univnt.ro\/wp-content\/uploads\/Documente\/rapoarte\/2015_raport_cercetare_fse.pdf\">2015 &#8211; Raportul cercet\u0103rii \u015ftiin\u0163ifice la Facultatea de \u015etiin\u0163e Economice<\/a><\/td>\n<\/tr>\n<tr>\n<td><a href=\"https:\/\/csjesa.univnt.ro\/wp-content\/uploads\/Documente\/rapoarte\/2015_raport_cercetare_fd.pdf\">2015 &#8211; Raportul cercet\u0103rii \u015ftiin\u0163ifice la Facultatea de Drept<\/a><\/td>\n<\/tr>\n<tr>\n<td><a href=\"https:\/\/csjesa.univnt.ro\/wp-content\/uploads\/Documente\/rapoarte\/2015_raport_cercetare_univnt.pdf\">2015 &#8211; Raportul cercet\u0103rii \u015etiin\u0163ifice \u00een Universitatea \u201eNicolae Titulescu\u201d din Bucure\u015fti<\/a><\/td>\n<\/tr>\n<tr>\n<td><a href=\"https:\/\/csjesa.univnt.ro\/wp-content\/uploads\/Documente\/rapoarte\/2014_raportgeneralcompletaresectiuni_ssa.pdf\">2014 &#8211; Raportul cercet\u0103rii \u015ftiin\u0163ifice la Facultatea de \u015etiin\u0163e Sociale \u015fi Administrative<\/a><\/td>\n<\/tr>\n<tr>\n<td><a href=\"https:\/\/csjesa.univnt.ro\/wp-content\/uploads\/Documente\/rapoarte\/2014_raportgeneralcompletaresectiuni_se.pdf\">2014 &#8211; Raportul cercet\u0103rii \u015ftiin\u0163ifice la Facultatea de \u015etiin\u0163e Economice<\/a><\/td>\n<\/tr>\n<tr>\n<td><a href=\"https:\/\/csjesa.univnt.ro\/wp-content\/uploads\/Documente\/rapoarte\/2014_raportgeneralcompletaresectiuni_dr.pdf\">2014 &#8211; Raportul cercet\u0103rii \u015ftiin\u0163ifice la Facultatea de Drept<\/a><\/td>\n<\/tr>\n<tr>\n<td><a href=\"https:\/\/csjesa.univnt.ro\/wp-content\/uploads\/Documente\/rapoarte\/2014_raportgeneralcompletaresectiuni_all.pdf\">2014 &#8211; Raportul cercet\u0103rii \u015etiin\u0163ifice \u00een Universitatea \u201eNicolae Titulescu\u201d din Bucure\u015fti<\/a><\/td>\n<\/tr>\n<tr>\n<td><a href=\"https:\/\/csjesa.univnt.ro\/wp-content\/uploads\/Documente\/rapoarte\/2013_raport_cercetare_ssa.pdf\">2013 &#8211; Raportul cercet\u0103rii \u015ftiin\u0163ifice la Facultatea de \u015etiin\u0163e Sociale \u015fi Administrative<\/a><\/td>\n<\/tr>\n<tr>\n<td><a href=\"https:\/\/csjesa.univnt.ro\/wp-content\/uploads\/Documente\/rapoarte\/2013_raport_cercetare_fse.pdf\">2013 &#8211; Raportul cercet\u0103rii \u015ftiin\u0163ifice la Facultatea de \u015etiin\u0163e Economice<\/a><\/td>\n<\/tr>\n<tr>\n<td><a href=\"https:\/\/csjesa.univnt.ro\/wp-content\/uploads\/Documente\/rapoarte\/2013_raport_cercetare_drept.pdf\">2013 &#8211; Raportul cercet\u0103rii \u015ftiin\u0163ifice la Facultatea de Drept<\/a><\/td>\n<\/tr>\n<tr>\n<td><a href=\"https:\/\/csjesa.univnt.ro\/wp-content\/uploads\/Documente\/rapoarte\/2013_raport_cercetare_ unt.pdf\">2013 &#8211; Raportul cercet\u0103rii \u015etiin\u0163ifice \u00een Universitatea \u201eNicolae Titulescu\u201d din Bucure\u015fti<\/a><\/td>\n<\/tr>\n<tr>\n<td><a href=\"https:\/\/csjesa.univnt.ro\/wp-content\/uploads\/Documente\/rapoarte\/2012_raport cercetare fssa.pdf\">2012 &#8211; Raportul cercet\u0103rii \u015ftiin\u0163ifice la Facultatea de \u015etiin\u0163e Sociale \u015fi Administrative<\/a><\/td>\n<\/tr>\n<tr>\n<td><a href=\"https:\/\/csjesa.univnt.ro\/wp-content\/uploads\/Documente\/rapoarte\/2012_raport cercetare st ec_2012.pdf\">2012 &#8211; Raportul cercet\u0103rii \u015ftiin\u0163ifice la Facultatea de \u015etiin\u0163e Economice<\/a><\/td>\n<\/tr>\n<tr>\n<td><a href=\"https:\/\/csjesa.univnt.ro\/wp-content\/uploads\/Documente\/rapoarte\/2012_raport cercetare drept.pdf\">2012 &#8211; Raportul cercet\u0103rii \u015ftiin\u0163ifice la Facultatea de Drept<\/a><\/td>\n<\/tr>\n<tr>\n<td><a href=\"https:\/\/csjesa.univnt.ro\/wp-content\/uploads\/Documente\/rapoarte\/2012_raport cercetare_ unt.pdf\">2012 &#8211; Raportul cercet\u0103rii \u015etiin\u0163ifice \u00een Universitatea \u201eNicolae Titulescu\u201d din Bucure\u015fti<\/a><\/td>\n<\/tr>\n<tr>\n<td><a href=\"https:\/\/csjesa.univnt.ro\/wp-content\/uploads\/Documente\/rapoarte\/2011_raport_cercetare_fse.pdf\">2011 &#8211; Raportul cercet\u0103rii \u015ftiin\u0163ifice la Facultatea de \u015etiin\u0163e Economice<\/a><\/td>\n<\/tr>\n<tr>\n<td><a href=\"https:\/\/csjesa.univnt.ro\/wp-content\/uploads\/Documente\/rapoarte\/2011_raport_cercetare_fssa.pdf\">2011 &#8211; Raportul cercet\u0103rii \u015ftiin\u0163ifice la Facultatea de \u015etiin\u0163e Sociale \u015fi Administrative<\/a><\/td>\n<\/tr>\n<tr>\n<td><a href=\"https:\/\/csjesa.univnt.ro\/wp-content\/uploads\/Documente\/rapoarte\/2011_raport_cercetare_fd.pdf\">2011 &#8211; Raportul cercet\u0103rii \u015ftiin\u0163ifice la Facultatea de Drept<\/a><\/td>\n<\/tr>\n<tr>\n<td><a href=\"https:\/\/csjesa.univnt.ro\/wp-content\/uploads\/Documente\/rapoarte\/2011_raport_cercetare_univnt.pdf\">2011 &#8211; Raportul cercet\u0103rii \u015etiin\u0163ifice \u00een Universitatea \u201eNicolae Titulescu\u201d din Bucure\u015fti<\/a><\/td>\n<\/tr>\n<tr>\n<td><a href=\"https:\/\/csjesa.univnt.ro\/wp-content\/uploads\/Documente\/rapoarte\/2010_raport_cercetare_fssa.pdf\">2010 &#8211; Raportul cercet\u0103rii \u015ftiin\u0163ifice la Facultatea de \u015etiin\u0163e Sociale \u015fi Administrative<\/a><\/td>\n<\/tr>\n<tr>\n<td><a href=\"https:\/\/csjesa.univnt.ro\/wp-content\/uploads\/Documente\/rapoarte\/2010_raport_cercetare_fse.pdf\">2010 &#8211; Raportul cercet\u0103rii \u015ftiin\u0163ifice la Facultatea de \u015etiin\u0163e Economice<\/a><\/td>\n<\/tr>\n<tr>\n<td><a href=\"https:\/\/csjesa.univnt.ro\/wp-content\/uploads\/Documente\/rapoarte\/2010_raport_cercetare_fd.pdf\">2010 &#8211; Raportul cercet\u0103rii \u015ftiin\u0163ifice la Facultatea de Drept<\/a><\/td>\n<\/tr>\n<tr>\n<td><a href=\"https:\/\/csjesa.univnt.ro\/wp-content\/uploads\/Documente\/rapoarte\/2010_raport_cercetare_unt.pdf\">2010 &#8211; Raportul cercet\u0103rii \u015etiin\u0163ifice \u00een Universitatea \u201eNicolae Titulescu\u201d din Bucure\u015fti<\/a><\/td>\n<\/tr>\n<tr>\n<td><a href=\"https:\/\/csjesa.univnt.ro\/wp-content\/uploads\/Documente\/rapoarte\/2009_raport_cercetare_fssa.pdf\">2009 &#8211; Raportul cercet\u0103rii \u015ftiin\u0163ifice la Facultatea de \u015etiin\u0163e Sociale \u015fi Administrative<\/a><\/td>\n<\/tr>\n<tr>\n<td><a href=\"https:\/\/csjesa.univnt.ro\/wp-content\/uploads\/Documente\/rapoarte\/2009_raport_cercetare_fse.pdf\">2009 &#8211; Raportul cercet\u0103rii \u015ftiin\u0163ifice la Facultatea de \u015etiin\u0163e Economice<\/a><\/td>\n<\/tr>\n<tr>\n<td><a href=\"https:\/\/csjesa.univnt.ro\/wp-content\/uploads\/Documente\/rapoarte\/2009_raport_cercetare_fd.pdf\">2009 &#8211; Raportul cercet\u0103rii \u015ftiin\u0163ifice la Facultatea de Drept<\/a><\/td>\n<\/tr>\n<tr>\n<td><a href=\"https:\/\/csjesa.univnt.ro\/wp-content\/uploads\/Documente\/rapoarte\/2009_raport_cercetare_unt.pdf\">2009 &#8211; Raportul cercet\u0103rii \u015etiin\u0163ifice \u00een Universitatea \u201eNicolae Titulescu\u201d din Bucure\u015fti<\/a><\/td>\n<\/tr>\n<\/tbody>\n<\/table>\t\t\t\t\t\t<\/div>\n\t\t\t\t<\/div>\n\t\t\t\t\t<\/div>\n\t\t<\/div>\n\t\t\t\t\t<\/div>\n\t\t<\/section>\n\t\t\t\t<\/div>\n\t\t","protected":false},"excerpt":{"rendered":"<p>Regulament C.S.J.E.S.A. Statut C.S.J.E.S.A. Strategia de cercetare stiintifica 2021 &#8211; Raportul cercet\u0103rii \u015ftiin\u0163ifice la Facultatea de Rela\u0163ii Interna\u0163ionale \u015fi Administrative 2021 &#8211; Raportul cercet\u0103rii \u015ftiin\u0163ifice la Facultatea de Economie \u015fi Administrarea Afacerilor 2021 &#8211; Raportul cercet\u0103rii \u015ftiin\u0163ifice la Facultatea de Drept 2021 &#8211; Raportul cercetarii stiintifice in Universitatea &#8220;Nicolae Titulescu&#8221; din Bucuresti 2020 &#8211; Raportul [&hellip;]<\/p>\n","protected":false},"author":1,"featured_media":0,"parent":0,"menu_order":0,"comment_status":"closed","ping_status":"closed","template":"","meta":{"footnotes":""},"yoast_head":"<!-- This site is optimized with the Yoast SEO plugin v22.5 - https:\/\/yoast.com\/wordpress\/plugins\/seo\/ -->\n<title>Documents - CSJESA - Centrul de Studii Juridice, Economice \u015fi Socio-Administrative<\/title>\n<meta name=\"robots\" content=\"index, follow, max-snippet:-1, max-image-preview:large, max-video-preview:-1\" \/>\n<link rel=\"canonical\" href=\"https:\/\/csjesa.univnt.ro\/index.php\/en\/documents\/\" \/>\n<meta property=\"og:locale\" content=\"en_US\" \/>\n<meta property=\"og:type\" content=\"article\" \/>\n<meta property=\"og:title\" content=\"Documents - CSJESA - Centrul de Studii Juridice, Economice \u015fi Socio-Administrative\" \/>\n<meta property=\"og:description\" content=\"Regulament C.S.J.E.S.A. Statut C.S.J.E.S.A. Strategia de cercetare stiintifica 2021 &#8211; Raportul cercet\u0103rii \u015ftiin\u0163ifice la Facultatea de Rela\u0163ii Interna\u0163ionale \u015fi Administrative 2021 &#8211; Raportul cercet\u0103rii \u015ftiin\u0163ifice la Facultatea de Economie \u015fi Administrarea Afacerilor 2021 &#8211; Raportul cercet\u0103rii \u015ftiin\u0163ifice la Facultatea de Drept 2021 &#8211; Raportul cercetarii stiintifice in Universitatea &#8220;Nicolae Titulescu&#8221; din Bucuresti 2020 &#8211; Raportul [&hellip;]\" \/>\n<meta property=\"og:url\" content=\"https:\/\/csjesa.univnt.ro\/index.php\/en\/documents\/\" \/>\n<meta property=\"og:site_name\" content=\"CSJESA - Centrul de Studii Juridice, Economice \u015fi Socio-Administrative\" \/>\n<meta property=\"article:modified_time\" content=\"2022-12-14T14:16:04+00:00\" \/>\n<meta name=\"twitter:card\" content=\"summary_large_image\" \/>\n<meta name=\"twitter:label1\" content=\"Est. reading time\" \/>\n\t<meta name=\"twitter:data1\" content=\"3 minutes\" \/>\n<script type=\"application\/ld+json\" class=\"yoast-schema-graph\">{\"@context\":\"https:\/\/schema.org\",\"@graph\":[{\"@type\":\"WebPage\",\"@id\":\"https:\/\/csjesa.univnt.ro\/index.php\/en\/documents\/\",\"url\":\"https:\/\/csjesa.univnt.ro\/index.php\/en\/documents\/\",\"name\":\"Documents - CSJESA - Centrul de Studii Juridice, Economice \u015fi Socio-Administrative\",\"isPartOf\":{\"@id\":\"https:\/\/csjesa.univnt.ro\/#website\"},\"datePublished\":\"2022-12-01T11:40:40+00:00\",\"dateModified\":\"2022-12-14T14:16:04+00:00\",\"breadcrumb\":{\"@id\":\"https:\/\/csjesa.univnt.ro\/index.php\/en\/documents\/#breadcrumb\"},\"inLanguage\":\"en-US\",\"potentialAction\":[{\"@type\":\"ReadAction\",\"target\":[\"https:\/\/csjesa.univnt.ro\/index.php\/en\/documents\/\"]}]},{\"@type\":\"BreadcrumbList\",\"@id\":\"https:\/\/csjesa.univnt.ro\/index.php\/en\/documents\/#breadcrumb\",\"itemListElement\":[{\"@type\":\"ListItem\",\"position\":1,\"name\":\"Acas\u0103\",\"item\":\"https:\/\/csjesa.univnt.ro\/\"},{\"@type\":\"ListItem\",\"position\":2,\"name\":\"Documents\"}]},{\"@type\":\"WebSite\",\"@id\":\"https:\/\/csjesa.univnt.ro\/#website\",\"url\":\"https:\/\/csjesa.univnt.ro\/\",\"name\":\"CSJESA - Centrul de Studii Juridice, Economice \u015fi Socio-Administrative\",\"description\":\"Centrul de Studii Juridice, Economice \u015fi Socio-Administrative CSJESA\",\"publisher\":{\"@id\":\"https:\/\/csjesa.univnt.ro\/#organization\"},\"potentialAction\":[{\"@type\":\"SearchAction\",\"target\":{\"@type\":\"EntryPoint\",\"urlTemplate\":\"https:\/\/csjesa.univnt.ro\/?s={search_term_string}\"},\"query-input\":\"required name=search_term_string\"}],\"inLanguage\":\"en-US\"},{\"@type\":\"Organization\",\"@id\":\"https:\/\/csjesa.univnt.ro\/#organization\",\"name\":\"CSJESA - Centrul de Studii Juridice, Economice \u015fi Socio-Administrative\",\"url\":\"https:\/\/csjesa.univnt.ro\/\",\"logo\":{\"@type\":\"ImageObject\",\"inLanguage\":\"en-US\",\"@id\":\"https:\/\/csjesa.univnt.ro\/#\/schema\/logo\/image\/\",\"url\":\"https:\/\/csjesa.univnt.ro\/wp-content\/uploads\/2022\/12\/cropped-logo-univnt.png\",\"contentUrl\":\"https:\/\/csjesa.univnt.ro\/wp-content\/uploads\/2022\/12\/cropped-logo-univnt.png\",\"width\":190,\"height\":190,\"caption\":\"CSJESA - Centrul de Studii Juridice, Economice \u015fi Socio-Administrative\"},\"image\":{\"@id\":\"https:\/\/csjesa.univnt.ro\/#\/schema\/logo\/image\/\"}}]}<\/script>\n<!-- \/ Yoast SEO plugin. -->","yoast_head_json":{"title":"Documents - CSJESA - Centrul de Studii Juridice, Economice \u015fi Socio-Administrative","robots":{"index":"index","follow":"follow","max-snippet":"max-snippet:-1","max-image-preview":"max-image-preview:large","max-video-preview":"max-video-preview:-1"},"canonical":"https:\/\/csjesa.univnt.ro\/index.php\/en\/documents\/","og_locale":"en_US","og_type":"article","og_title":"Documents - CSJESA - Centrul de Studii Juridice, Economice \u015fi Socio-Administrative","og_description":"Regulament C.S.J.E.S.A. Statut C.S.J.E.S.A. Strategia de cercetare stiintifica 2021 &#8211; Raportul cercet\u0103rii \u015ftiin\u0163ifice la Facultatea de Rela\u0163ii Interna\u0163ionale \u015fi Administrative 2021 &#8211; Raportul cercet\u0103rii \u015ftiin\u0163ifice la Facultatea de Economie \u015fi Administrarea Afacerilor 2021 &#8211; Raportul cercet\u0103rii \u015ftiin\u0163ifice la Facultatea de Drept 2021 &#8211; Raportul cercetarii stiintifice in Universitatea &#8220;Nicolae Titulescu&#8221; din Bucuresti 2020 &#8211; Raportul [&hellip;]","og_url":"https:\/\/csjesa.univnt.ro\/index.php\/en\/documents\/","og_site_name":"CSJESA - Centrul de Studii Juridice, Economice \u015fi Socio-Administrative","article_modified_time":"2022-12-14T14:16:04+00:00","twitter_card":"summary_large_image","twitter_misc":{"Est. reading time":"3 minutes"},"schema":{"@context":"https:\/\/schema.org","@graph":[{"@type":"WebPage","@id":"https:\/\/csjesa.univnt.ro\/index.php\/en\/documents\/","url":"https:\/\/csjesa.univnt.ro\/index.php\/en\/documents\/","name":"Documents - CSJESA - Centrul de Studii Juridice, Economice \u015fi Socio-Administrative","isPartOf":{"@id":"https:\/\/csjesa.univnt.ro\/#website"},"datePublished":"2022-12-01T11:40:40+00:00","dateModified":"2022-12-14T14:16:04+00:00","breadcrumb":{"@id":"https:\/\/csjesa.univnt.ro\/index.php\/en\/documents\/#breadcrumb"},"inLanguage":"en-US","potentialAction":[{"@type":"ReadAction","target":["https:\/\/csjesa.univnt.ro\/index.php\/en\/documents\/"]}]},{"@type":"BreadcrumbList","@id":"https:\/\/csjesa.univnt.ro\/index.php\/en\/documents\/#breadcrumb","itemListElement":[{"@type":"ListItem","position":1,"name":"Acas\u0103","item":"https:\/\/csjesa.univnt.ro\/"},{"@type":"ListItem","position":2,"name":"Documents"}]},{"@type":"WebSite","@id":"https:\/\/csjesa.univnt.ro\/#website","url":"https:\/\/csjesa.univnt.ro\/","name":"CSJESA - Centrul de Studii Juridice, Economice \u015fi Socio-Administrative","description":"Centrul de Studii Juridice, Economice \u015fi Socio-Administrative CSJESA","publisher":{"@id":"https:\/\/csjesa.univnt.ro\/#organization"},"potentialAction":[{"@type":"SearchAction","target":{"@type":"EntryPoint","urlTemplate":"https:\/\/csjesa.univnt.ro\/?s={search_term_string}"},"query-input":"required name=search_term_string"}],"inLanguage":"en-US"},{"@type":"Organization","@id":"https:\/\/csjesa.univnt.ro\/#organization","name":"CSJESA - Centrul de Studii Juridice, Economice \u015fi Socio-Administrative","url":"https:\/\/csjesa.univnt.ro\/","logo":{"@type":"ImageObject","inLanguage":"en-US","@id":"https:\/\/csjesa.univnt.ro\/#\/schema\/logo\/image\/","url":"https:\/\/csjesa.univnt.ro\/wp-content\/uploads\/2022\/12\/cropped-logo-univnt.png","contentUrl":"https:\/\/csjesa.univnt.ro\/wp-content\/uploads\/2022\/12\/cropped-logo-univnt.png","width":190,"height":190,"caption":"CSJESA - Centrul de Studii Juridice, Economice \u015fi Socio-Administrative"},"image":{"@id":"https:\/\/csjesa.univnt.ro\/#\/schema\/logo\/image\/"}}]}},"_links":{"self":[{"href":"https:\/\/csjesa.univnt.ro\/index.php\/wp-json\/wp\/v2\/pages\/847"}],"collection":[{"href":"https:\/\/csjesa.univnt.ro\/index.php\/wp-json\/wp\/v2\/pages"}],"about":[{"href":"https:\/\/csjesa.univnt.ro\/index.php\/wp-json\/wp\/v2\/types\/page"}],"author":[{"embeddable":true,"href":"https:\/\/csjesa.univnt.ro\/index.php\/wp-json\/wp\/v2\/users\/1"}],"replies":[{"embeddable":true,"href":"https:\/\/csjesa.univnt.ro\/index.php\/wp-json\/wp\/v2\/comments?post=847"}],"version-history":[{"count":4,"href":"https:\/\/csjesa.univnt.ro\/index.php\/wp-json\/wp\/v2\/pages\/847\/revisions"}],"predecessor-version":[{"id":870,"href":"https:\/\/csjesa.univnt.ro\/index.php\/wp-json\/wp\/v2\/pages\/847\/revisions\/870"}],"wp:attachment":[{"href":"https:\/\/csjesa.univnt.ro\/index.php\/wp-json\/wp\/v2\/media?parent=847"}],"curies":[{"name":"wp","href":"https:\/\/api.w.org\/{rel}","templated":true}]}}